uppose -4 = -3*h + h. What is the remainder when (-25)/(-3) + 1/(-3) is divided by c(h)?
3
Let u(n) = 11*n - 2. Let p be u(4). Suppose -r = 2*r - p. Let h(q) = 4*q**2 + 108*q + 4. What is the remainder when r is divided by h(-27)?
2
Let s = -22 + 57. Calculate the remainder when s is divided by 19.
16
What is the remainder when 350/8 + 1/4 is divided by 15?
14
What is the remainder when 5 is divided by 49/21 - ((-15)/9 + 2)?
1
Suppose -2*h - 3*b + 92 = 0, -4*b - 82 = -2*h + 10. Calculate the remainder when h is divided by 12.
10
Let k(p) = p - p + p + 4. Calculate the remainder when ((-48)/(-4))/(3 + -2) is divided by k(3).
5
Calculate the remainder when 9 is divided by (3/3)/((-2)/(-6)).
0
Let y(l) = -l**3 - 5*l**2 - 5*l - 4. Calculate the remainder when y(-5) is divided by 6.
3
Let r be ((-1)/1 + 2)*0. Suppose r*z - 3*z + 60 = 0. Let k = 11 + -4. What is the remainder when z is divided by k?
6
Suppose 2*z = z - 2. What is the remainder when 8/(-6)*69/z is divided by 16?
14
Suppose -29 = 2*s - 5*s - 2*d, 0 = s + 2*d - 11. What is the remainder when s is divided by 4?
1
Let k = 8 - 5. Suppose -6*l = -k*l - 54. What is the remainder when 70 is divided by l?
16
Let d(x) = x. Let u(g) = -g + 10. Calculate the remainder when u(-4) is divided by d(5).
4
Let f(r) = -r**3 - 5*r**2 + 4*r + 1. Let s be f(-3). Let d = -11 - s. Let v = -46 + 80. Calculate the remainder when v is divided by d.
16
Suppose 2*q = -4*z + 116 - 42, q - 3*z = 37. Calculate the remainder when 219 is divided by q.
34
Let m(c) = 3*c**2 - 16*c - 2. What is the remainder when 19 is divided by m(6)?
9
Let v = 65 + -44. Calculate the remainder when 82 is divided by v.
19
Let t(f) = f**2 - 4*f - 4. Let r be t(4). Let i = r + 0. What is the remainder when (5/(-1))/(1/i) is divided by 7?
6
Suppose 5*y - 3*f - 112 = 0, 5*f = -4 - 16. Suppose 2*n + 3*n - y = 0. What is the remainder when 13 is divided by n?
1
Let k(x) = 3*x + 38. What is the remainder when 22 is divided by k(-7)?
5
Suppose 3*n = -4*a + 241, 0*n + 3*n + 271 = 4*a. Calculate the remainder when a is divided by 22.
20
Let r be (28/8)/((-3)/(-6)). Let b(n) = n**2 - 3*n + 10. What is the remainder when b(r) is divided by 10?
8
Let p = -2 - 5. What is the remainder when 2/p - 144/(-14) is divided by 4?
2
Let x = 1 + 8. Calculate the remainder when -2*(189/(-24) - (-5)/(-40)) is divided by x.
7
Suppose 4*u + 345 = 5*j - u, -u = 0. What is the remainder when j is divided by 18?
15
Suppose 54*w - 24 = 51*w. What is the remainder when 31 is divided by w?
7
Let v(o) = -15*o**3 - o. Let w be v(-1). Let m = w + 3. What is the remainder when m is divided by (-6)/21 + (-72)/(-7)?
9
Suppose -6 + 11 = x. What is the remainder when 18 is divided by x?
3
Let a(c) = -c**3 + c**2 + c + 5. Suppose 25 = -4*f + 5*g, -g = -f - 2 - 3. Let u = f + 3. What is the remainder when a(0) is divided by u?
2
Let q = -3 + 3. Suppose q = 4*o + 5*u - 12, 3*u = 2*o - 0*o - 28. What is the remainder when o is divided by 4/10 + (-26)/(-10)?
2
Let r(s) = -s**2 - 17*s - 4. Let l be (-1)/(-3) - 86/6. What is the remainder when r(-15) is divided by l/4*(-8)/2?
12
Suppose -y = -3*y + 18. Let o(c) = 16*c**2 - c + 1. Suppose 4*w - 5*w = -1. What is the remainder when o(w) is divided by y?
7
Let v = 6 - 1. Suppose 7*r = 2*r + v. Calculate the remainder when 1 is divided by r.
0
Calculate the remainder when (-82)/(-4) - 2/20*5 is divided by 7.
6
Suppose -n = -3*n + 2*z + 42, -n = -3*z - 15. Let w = n + -16. Calculate the remainder when 14 is divided by w.
6
Suppose 0*l - 3*l = -93. Let f(j) = -4*j - 4. Let i be f(5). What is the remainder when l is divided by (3*2)/((-9)/i)?
15
Let t(y) = -2*y - 6. Let n be t(-6). Let p be (-15 - -17)*(-2)/4. Let k = n + p. What is the remainder when k is divided by 2?
1
Suppose -5*q - 10 = -5*x, 6*x - x + 14 = q. Calculate the remainder when (q - (-12)/4) + 44 is divided by 11.
8
Let n = 48 + -33. Calculate the remainder when 56 is divided by n.
11
Suppose 0 = o - 125 + 116. Calculate the remainder when 61 is divided by o.
7
Let z(d) = d**2 + 4*d + 4. Let p be z(-4). Suppose -p*h - h + 100 = 0. Suppose -3*c = -6, -b - c = -5*b + 150. Calculate the remainder when b is divided by h.
18
Let l(w) = -w**2 + 15*w - 12. Calculate the remainder when l(6) is divided by 11.
9
Let a(i) = -2 - 6 - 6*i + 8*i. Let g(y) = 1. Let f(k) = a(k) - 3*g(k). What is the remainder when 31 is divided by f(11)?
9
Let u(s) = 2*s - s + 7*s**2 - 5*s**2 + 7*s**2 + 1. Let x(g) = -g**2 + 6*g + 5. Let n be x(7). Calculate the remainder when u(n) is divided by 18.
17
Let j = -18 - -25. Let c(t) = -t**3 + 6*t**2 - 7*t + 4. Calculate the remainder when (3 + -1)*(0 + j) is divided by c(4).
6
Let c = 5 - 3. Let d(n) = 8*n. Calculate the remainder when d(c) is divided by 9.
7
Let x(g) = -10*g - 101. What is the remainder when 55 is divided by x(-12)?
17
Suppose -4*b - b = -25. Let o be (12/(-16))/((-1)/(-4)). Let w = o + b. What is the remainder when 4 is divided by w?
0
Suppose 2*v + v - 18 = 0. Let c = 4 - v. What is the remainder when -1 - -26*(c + 3) is divided by 9?
7
What is the remainder when 21 is divided by (-9)/4*(-152)/57?
3
Let k = 12 - 10. Let t(o) = -o**2 - o + 3. What is the remainder when k is divided by t(-2)?
0
Let y be (1 + (-6)/4)*0. Suppose y = -4*f - 0*f - 204. Let k = 98 + f. What is the remainder when k is divided by 16?
15
Calculate the remainder when (-8)/(-12) + 74/6 is divided by 4.
1
Let t(i) = -i - 1. Let s be t(-4). Suppose 24 = -s*j - 0*j. Calculate the remainder when j/28 - (-268)/7 is divided by 10.
8
Suppose 5*x + 5 = 0, -4*w - x - 3*x = -96. What is the remainder when 47 is divided by w?
22
Let j = -49 - -88. Suppose -6 = -u + 4. Calculate the remainder when j is divided by u.
9
Suppose -2*q - l + 26 = 3*l, 3*q = 3*l + 3. What is the remainder when 23 + -4 - (2 - 1) is divided by q?
3
Suppose -2*j + 13 = j + 4*i, 8 = -4*i. Let v = -50 - -52. Calculate the remainder when j is divided by v.
1
Suppose 0 = 3*x + 3, t + 6 = -4*x + 13. Let u be ((-28)/6)/((-1)/18). Suppose -2*s - 2*s + u = 0. What is the remainder when s is divided by t?
10
Let r = 0 - -5. Suppose -r*l + 3*l + 14 = 0. Calculate the remainder when l is divided by 4.
3
Suppose 6 + 0 = k. What is the remainder when k is divided by 4?
2
Suppose -5*j = -k - 18, 0*j = 2*k - 2*j + 4. Suppose -6 = k*n - 5*n. Let d = -98 + 102. Calculate the remainder when d is divided by n.
0
Let d = 82 - 46. Calculate the remainder when 71 is divided by d.
35
What is the remainder when 1 - -25 - 14/7 is divided by 9?
6
Let a = 5 - 7. What is the remainder when a - -1 - (-29 - -1) is divided by (-4)/10 - (-111)/15?
6
Suppose -18 = -4*f + 2*o, -5*o + 20 = -f + 4*f. Suppose 54 = f*t - 51. What is the remainder when t is divided by 6?
3
Suppose -9 = -3*r - 0*r. Suppose 29 = -r*n + 71. Let p = 271 - 217. What is the remainder when p is divided by n?
12
Suppose -2*a - 3*c + 2*c + 114 = 0, 0 = -4*a - 5*c + 228. What is the remainder when a is divided by 15?
12
Suppose -t - t = 2*k - 114, 0 = 5*t - 5*k - 255. Calculate the remainder when t is divided by 14.
12
Let q = 5 - 3. Suppose b - 20 = c, -b = q*b - c - 58. Suppose 5*k - 2*k - 3*t - 102 = 0, -k = 3*t - 46. What is the remainder when k is divided by b?
18
Let h = 33 - 15. Calculate the remainder when h is divided by 10.
8
Let p be (-62)/(-8) - 3/(-12). What is the remainder when ((-119)/(-14))/(2/p) is divided by 12?
10
Suppose -2*a - a + 9 = 0. Let b(i) be the first derivative of i**2/2 + 5*i - 1. What is the remainder when b(0) is divided by a?
2
Suppose -6*l = -3*l. Suppose l*b - 2*b + 16 = 0. Suppose -3*d + 30 = -15. What is the remainder when d is divided by b?
7
Suppose 0*q = 3*q - 66. Let j = 480 + -1245. Calculate the remainder when (-1)/(-4) - j/12 is divided by q.
20
Let y(f) = -f**3 + 4*f**2 + f - 3. Let c be y(4). Suppose -x + 18 = -c. Let w(i) = -i + 12. What is the remainder when x is divided by w(7)?
4
Let o = 103 + -58. Calculate the remainder when 67 is divided by 1/2 - o/(-2).
21
Suppose 0 = -0*j + 5*j - 185. What is the remainder when j is divided by 19?
18
Let i(g) = g**3 + g**2 + 5. Suppose 2*u = 7*u. Calculate the remainder when 13 is divided by i(u).
3
Calculate the remainder when ((-4)/(-12))/((-1)/(-147)) is divided by 1/(-2)*-